-7*o + o. Calculate the remainder when 35 is divided by o.
8
Suppose -4*u + 8*u = 0. Suppose u = -7*d + 9*d - 30. What is the remainder when 28 is divided by d?
13
Suppose -3*l + 15 = 4*z - 3*z, -3*z + 27 = 3*l. What is the remainder when ((-51)/z)/(2/(-4)) is divided by 5?
2
Let h(k) = -k**3 + 10*k**2 - 4. Let r be h(10). Let g = 58 + -35. Calculate the remainder when g is divided by (-50)/r + 1/(-2).
11
Let f be (-46)/(-8) - (-3)/12. Suppose 5*c = f*c - 4. Suppose -u = -2*p + 77 - 27, -c*u = 4*p - 100. What is the remainder when p is divided by 9?
7
Let n(m) = -m - 2. Calculate the remainder when 6 is divided by n(-5).
0
Let g = -12 - 6. Let c = g - -27. Calculate the remainder when c is divided by 3.
0
Suppose -2*v + 53 = -i, 2*v + 2*i = 4*i + 58. Suppose -r + 6 = -7. What is the remainder when v is divided by r?
11
Suppose 5*c = -d + 19, -2*d = 3*c - 2 - 15. Let j = 4 + d. Let u = 44 - 21. Calculate the remainder when u is divided by j.
7
Let v(i) = -i**2 + 4*i + 5. Let z be v(6). Let l = 7 - z. What is the remainder when 25 is divided by l?
11
Let c(o) = 3*o - 7. Let j be c(20). Suppose -l = -5, 4*s - j - 8 = -5*l. Calculate the remainder when 13/3*(-12)/(-2) is divided by s.
8
Let w = -24 - -29. What is the remainder when 14 is divided by w?
4
Suppose 5*l = 19 + 21. Suppose -y - 3*y = -l. What is the remainder when y is divided by 1?
0
Suppose 0 = -3*a - l + 30 + 14, l = 4*a - 47. Calculate the remainder when (38/(-76))/((2 + 0)/(-92)) is divided by a.
10
Calculate the remainder when 9 is divided by 46/23 - 2*-1.
1
Let n = -26 - 2. Let a = -17 - n. Let j = 44 - a. What is the remainder when j is divided by 17?
16
Let m = 32 + -6. Calculate the remainder when m is divided by 7.
5
Suppose -143*c - 488 = -147*c. Calculate the remainder when c is divided by 18.
14
Suppose -2*z - s = -2*s - 48, -4*z - 4*s + 120 = 0. Suppose -z = -3*x + 22. What is the remainder when x is divided by 9?
7
Let f(u) = -13*u - 1. Let k(t) = t + 2. Let l be k(-3). Calculate the remainder when f(l) is divided by 7.
5
Suppose -3*b - 168 = -3*o, -72 = -2*o - 2*b + 28. Calculate the remainder when o is divided by 18.
17
Let p(h) be the second derivative of h**3/3 - h**2 - 4*h. Let s be p(-3). Let r = -5 - s. Calculate the remainder when 3 is divided by r.
0
Suppose f + 45 = -3*q, -3*q - 3*f + 0*f = 51. Calculate the remainder when -3*(3 - (-32)/(-6)) is divided by (-60)/(-14) + 4/q.
3
Let z = 13 - -10. Calculate the remainder when z is divided by 12.
11
Suppose 0 = 2*g, -5*r - 2*g + 5*g + 20 = 0. Let u = -8 + 18. Calculate the remainder when u is divided by r.
2
Suppose 0*z - 2 = -z. Suppose z*u - 20 = -2*u. Let s = 30 - 16. What is the remainder when s is divided by u?
4
Suppose 0 = 4*u - 18 - 22. Let v = -1 + 4. Suppose 69 = 4*l - v. What is the remainder when l is divided by u?
8
Let x(u) = 5*u - 2. Calculate the remainder when 67 is divided by x(4).
13
Let p(o) be the third derivative of o**4/3 - o**3/6 + 5*o**2. Suppose -g - 1 - 9 = -5*f, -11 = 4*f + 3*g. What is the remainder when 20 is divided by p(f)?
6
Calculate the remainder when 32 - (-5 + (-6)/(-3)) is divided by 12.
11
Suppose 2*f - 153 = -5. What is the remainder when 3*f*5/10 is divided by 38?
35
Suppose v + 2*f = -22, 0*v + 3*f - 22 = v. Let p = 45 + v. Let a = 8 + 5. What is the remainder when p is divided by a?
10
Let v be (-5 - 9/(-3)) + 3. Let a = 11 + v. Calculate the remainder when a is divided by 5.
2
Suppose 10*i - 28 = 6*i. Calculate the remainder when 20 is divided by i.
6
Suppose z - 2 = -2*x, -x - 2*x - 2*z = -3. What is the remainder when 130 is divided by ((-3)/5)/(x/(-55))?
31
Let j(k) = 4*k**2 - 3*k**3 + 2*k**2 - 1 + 2*k**3 + 2*k. Calculate the remainder when 32 is divided by j(6).
10
Suppose -25*w - 50 = -27*w. What is the remainder when w is divided by 13?
12
Let w = 105 + -51. Let i = w - 37. Calculate the remainder when i is divided by 5.
2
Let p = -2 - -10. Suppose -2 + 12 = -5*b. Calculate the remainder when p is divided by (-1 - 0)*(-5 - b).
2
Suppose 0 = -2*i + 19 + 23. What is the remainder when i is divided by 13?
8
Let u be 3*2/6*0. Suppose 0 = -2*q - u*q + 50. Calculate the remainder when q is divided by 9.
7
Let v(q) = -2*q**3 - q**2 + 2. Calculate the remainder when v(-4) is divided by 29.
27
Let g = 10 - 7. What is the remainder when ((-1)/(-3) + 1)*3 is divided by g?
1
Let y(i) = -i + 1. Let q be (-15)/(((-2)/(-1))/(-2)). Suppose 0 = 3*p - 12 - q. Calculate the remainder when p is divided by y(-4).
4
Let j(f) = -44*f - 213. Suppose 5*m - 18 = i, -12 = -4*m + m. Calculate the remainder when j(-5) is divided by i.
1
Let q(l) = 5*l**2 + 5*l + 6. Let n(t) = 4*t**2 + 6*t + 7. Let j(i) = -4*n(i) + 5*q(i). Calculate the remainder when j(2) is divided by 11.
7
Let k(u) = -2*u**3 + 3*u**2 + u - 2. Let o be k(-3). Suppose -3*a = a - o. What is the remainder when a is divided by 7?
5
Let v = 71 - 32. What is the remainder when 155 is divided by v?
38
Let m = -6 + 16. Suppose -5*x - 29 = -3*f, -2*f - 2*x + m = -3*x. Suppose -57 = -f*z - 3*r, z - 3*r - 9 = 2. What is the remainder when z is divided by 6?
5
Suppose 2*w + w - 318 = -3*f, -4*w + 2*f = -394. What is the remainder when w is divided by 27?
20
Suppose 2*p + 5*n = 4*p - 52, -4*p + 104 = -4*n. Calculate the remainder when 76 is divided by p.
24
Let c(t) = t**2 + 4*t - 6. Calculate the remainder when c(-11) is divided by (-284)/(-12) - 3/(-9).
23
Suppose -8*p + 20 = -3*p. Suppose 0 = -f - 5*z + 46, f = -3*f + p*z + 88. Calculate the remainder when f is divided by 9.
8
Let t = -99 + 152. What is the remainder when t is divided by 8?
5
Let d(n) = 3*n + 9. Suppose f = -5, -5*h - 5*f + 3 = -h. What is the remainder when 88 is divided by d(h)?
28
Let p = 8 + -6. Suppose p*i = 6*i - 84. Suppose 55 = 2*d + 3*d. What is the remainder when i is divided by d?
10
Let g be -9*1/(3/(-2)). Let n(d) = -25*d**2 + 2 + 4 - 2 + 6*d + 24*d**2. Calculate the remainder when 10 is divided by n(g).
2
Suppose -2*y + 7*y = 70. Let p be (-9)/54 + (-49)/(-6). Suppose 3*w - 5*l = 148, w - 23 = -2*l + p. Calculate the remainder when w is divided by y.
13
Let c(q) = 6*q**2 + q - 2. Let w be c(-3). Suppose -3*a = -5 - w. What is the remainder when 52 is divided by a?
16
Suppose 4*v + 49 = 5. Let y(f) be the third derivative of f**6/120 + f**5/5 + 5*f**4/12 - f**3/2 + f**2. Calculate the remainder when 14 is divided by y(v).
6
Let k = 53 + -42. What is the remainder when 76 is divided by k?
10
Suppose -3*a - 85 = -8*a. Calculate the remainder when a is divided by 5 - (-3)/(-12)*0.
2
Suppose -2*r = -4*s - 5 - 5, 2*s = 5*r - 49. Let w = r - -1. Calculate the remainder when (-68)/(-4 - -2)*1 is divided by w.
10
Suppose 0*n - 585 = -5*n. What is the remainder when n is divided by 12?
9
Let s = -6 + 14. Let w = -30 - -15. What is the remainder when s is divided by 10/(-4)*18/w?
2
Let y(r) = -12*r - 1. Suppose 5*n + 3*z = -5, -z - 4*z - 25 = 0. What is the remainder when 21 + n + (-12)/4 is divided by y(-1)?
9
Let r(j) = 16*j + 10. Let h be r(4). Let m = h + -45. What is the remainder when 115 is divided by m?
28
Suppose 2*o = 7*o + w + 20, -5*o - 3*w - 20 = 0. Let h = 3 + o. What is the remainder when 1 - 0 - (-1 + h) is divided by 2?
1
Let o(v) = v**2 - 10*v + 8. Calculate the remainder when 72 is divided by o(11).
15
Suppose 3*t - 160 = -5*o, 4*o - 130 = -0*t - 2*t. Calculate the remainder when o is divided by -2 + (-378)/(-34) + (-12)/102.
8
Calculate the remainder when 9 is divided by 28/(-35)*(-10)/4.
1
Let n = -148 + 157. Calculate the remainder when 196 is divided by n.
7
Let f(c) = -c**3 + 8*c**2 + 7. Let h be f(8). Let k(l) = l + 7. Calculate the remainder when 40 is divided by k(h).
12
What is the remainder when 64 is divided by (-8)/52 - (-4 + (-747)/39)?
18
Let t(m) = 6*m - 8. Let z(j) = 4*j - 5. Let s(g) = 5*t(g) - 8*z(g). Let n = 18 + -11. Calculate the remainder when s(-6) is divided by n.
5
Suppose 0 = -2*k + 6*k - 28. Suppose n = f - 45 + 2, 31 = f - 5*n. Let t = -27 + f. What is the remainder when t is divided by k?
5
Suppose -4*j - 3*k + 1 - 2 = 0, -7 = -2*j + k. Calculate the remainder when -8*3/((-12)/13) is divided by ((-36)/8)/((-1)/j).
8
Suppose 2*v - 18 = -7*v. What is the remainder when 2 is divided by v?
0
Suppose h - 17 = 4*g + g, -